 common factor of 209 and 38?
19
What is the highest common divisor of 83 and 6059?
83
Calculate the highest common factor of 324 and 48.
12
Calculate the highest common divisor of 7172 and 132.
44
What is the greatest common divisor of 112 and 512?
16
Calculate the highest common factor of 220 and 40.
20
What is the greatest common divisor of 1715 and 35?
35
What is the highest common factor of 856 and 24?
8
What is the highest common divisor of 143 and 22?
11
What is the highest common factor of 44 and 649?
11
Calculate the highest common divisor of 24 and 22408.
8
Calculate the highest common divisor of 6720 and 630.
210
What is the greatest common divisor of 376 and 517?
47
What is the greatest common factor of 1352 and 13?
13
Calculate the highest common divisor of 1125 and 1035.
45
Calculate the greatest common divisor of 54 and 14904.
54
Calculate the highest common factor of 8 and 1016.
8
What is the greatest common factor of 1134 and 2562?
42
What is the greatest common factor of 234 and 26?
26
What is the greatest common factor of 130 and 103610?
130
What is the highest common factor of 55 and 3333?
11
Calculate the greatest common divisor of 95 and 152.
19
What is the highest common divisor of 18689 and 77?
11
What is the greatest common factor of 306 and 238?
34
What is the greatest common divisor of 3 and 53?
1
Calculate the greatest common factor of 220 and 132.
44
What is the highest common factor of 250 and 40?
10
What is the highest common factor of 44199 and 27?
27
Calculate the highest common divisor of 18 and 4776.
6
What is the highest common divisor of 144 and 18?
18
What is the highest common divisor of 8 and 2670?
2
What is the highest common divisor of 291 and 32883?
291
What is the greatest common divisor of 204 and 2788?
68
What is the greatest common divisor of 5745 and 15?
15
What is the highest common factor of 56 and 427?
7
What is the highest common divisor of 224 and 49?
7
What is the greatest common divisor of 645 and 105?
15
Calculate the highest common divisor of 22544 and 16.
16
Calculate the greatest common divisor of 697 and 41.
41
Calculate the highest common factor of 927 and 721.
103
What is the highest common factor of 1 and 31?
1
Calculate the greatest common factor of 126 and 54.
18
What is the highest common divisor of 15 and 31335?
15
What is the greatest common factor of 1344 and 140?
28
Calculate the greatest common divisor of 1350 and 63.
9
What is the greatest common factor of 408 and 918?
102
What is the highest common divisor of 108 and 180?
36
What is the highest common divisor of 279 and 651?
93
Calculate the greatest common factor of 90 and 100.
10
What is the highest common divisor of 38715 and 15?
15
Calculate the highest common factor of 6 and 51.
3
What is the highest common factor of 8 and 1576?
8
What is the highest common factor of 516 and 228?
12
What is the highest common divisor of 45 and 3195?
45
Calculate the highest common factor of 61890 and 30.
30
What is the greatest common divisor of 90 and 3645?
45
Calculate the greatest common divisor of 2873 and 51.
17
What is the highest common factor of 2142 and 561?
51
Calculate the greatest common factor of 92 and 322.
46
Calculate the greatest common divisor of 32 and 432.
16
Calculate the highest common divisor of 30 and 15.
15
Calculate the greatest common divisor of 28 and 13636.
28
Calculate the highest common factor of 3204 and 27.
9
What is the greatest common factor of 18 and 54?
18
What is the highest common factor of 4035 and 5?
5
Calculate the highest common factor of 40 and 110.
10
Calculate the greatest common divisor of 1128 and 987.
141
What is the highest common divisor of 31 and 93?
31
Calculate the greatest common factor of 973 and 7.
7
Calculate the highest common factor of 3190 and 116.
58
What is the highest common divisor of 78 and 208?
26
What is the greatest common factor of 752 and 32?
16
Calculate the greatest common divisor of 44 and 110.
22
What is the greatest common factor of 7 and 1057?
7
What is the greatest common divisor of 285 and 49020?
285
Calculate the greatest common divisor of 780 and 240.
60
What is the greatest common divisor of 132 and 1221?
33
What is the highest common divisor of 1431 and 135?
27
Calculate the greatest common factor of 72 and 60.
12
Calculate the highest common divisor of 33 and 231.
33
Calculate the greatest common factor of 171 and 10963.
19
What is the greatest common factor of 17591 and 7?
7
Calculate the greatest common factor of 222 and 3034.
74
Calculate the greatest common factor of 36 and 1164.
12
What is the highest common divisor of 42 and 420?
42
What is the greatest common factor of 51 and 5321?
17
What is the highest common divisor of 1331 and 484?
121
Calculate the greatest common factor of 9 and 33.
3
What is the greatest common divisor of 30 and 50?
10
Calculate the greatest common factor of 28 and 588.
28
Calculate the greatest common factor of 168 and 63.
21
What is the highest common factor of 36 and 348?
12
Calculate the highest common divisor of 14 and 8078.
14
What is the greatest common divisor of 437 and 19?
19
What is the greatest common divisor of 80 and 130?
10
Calculate the highest common factor of 800 and 12.
4
What is the highest common factor of 4 and 7324?
4
Calculate the greatest common divisor of 615 and 210.
15
Calculate the highest common factor of 5925 and 158.
79
What is the greatest common divisor of 114 and 1748?
38
Calculate the greatest common divisor of 253 and 1541.
23
What is the highest common factor of 11 and 69245?
11
What is the greatest common factor of 995 and 3781?
199
Calculate the greatest common divisor of 18023 and 269.
269
Calculate the greatest common factor of 2912 and 91.
91
What is the greatest common factor of 3 and 3375?
3
Calculate the greatest common divisor of 118 and 2950.
118
Calculate the highest common factor of 8 and 344.
8
What is the highest common factor of 640 and 1040?
80
What is the highest common divisor of 6 and 51?
3
What is the greatest common divisor of 460 and 20?
20
What is the highest common divisor of 791 and 14?
7
Calculate the greatest common divisor of 63 and 1.
1
Calculate the greatest common divisor of 9 and 1251.
9
What is the greatest common factor of 1197 and 21?
21
Calculate the highest common factor of 14 and 14182.
14
Calculate the highest common factor of 130 and 65.
65
What is the greatest common factor of 416 and 1482?
26
Calculate the greatest common factor of 61 and 4.
1
Calculate the greatest common divisor of 415 and 2158.
83
What is the highest common divisor of 74 and 185?
37
Calculate the highest common divisor of 1071 and 153.
153
Calculate the highest common divisor of 25 and 250.
25
What is the highest common factor of 255 and 30?
15
What is the highest common factor of 15 and 6465?
15
What is the greatest common divisor of 4466 and 154?
154
Calculate the highest common divisor of 4 and 172.
4
Calculate the greatest common factor of 1066 and 78.
26
What is the greatest common divisor of 1140 and 475?
95
What is the highest common factor of 64 and 4?
4
What is the greatest common divisor of 93 and 13051?
31
What is the greatest common divisor of 726 and 264?
66
Calculate the greatest common factor of 3 and 291.
3
What is the highest common factor of 512 and 672?
32
Calculate the greatest common divisor of 48 and 656.
16
What is the greatest common factor of 2187 and 243?
243
Calculate the highest common factor of 119 and 357.
119
Calculate the highest common factor of 539 and 147.
49
Calculate the greatest common divisor of 275 and 121.
11
What is the greatest common divisor of 14 and 7322?
14
What is the greatest common factor of 4873 and 121?
11
Calculate the greatest common factor of 105 and 280.
35
Calculate the greatest common factor of 3078 and 266.
38
Calculate the greatest common factor of 459 and 2133.
27
What is the greatest common divisor of 812 and 434?
14
Calculate the greatest common factor of 396 and 36.
36
Calculate the highest common factor of 192 and 672.
96
What is the greatest common factor of 304 and 64?
16
What is the highest common factor of 258 and 6?
6
Calculate the highest common divisor of 3402 and 28.
14
Calculate the highest comm